{"id":2529,"date":"2023-12-14T15:32:19","date_gmt":"2023-12-14T15:32:19","guid":{"rendered":"https:\/\/www.cherka-company.ba\/?post_type=product&#038;p=2529"},"modified":"2023-12-14T15:33:30","modified_gmt":"2023-12-14T15:33:30","slug":"ortoza-za-ruku-imobilizacijska-0320","status":"publish","type":"product","link":"https:\/\/www.cherka-company.ba\/?product=ortoza-za-ruku-imobilizacijska-0320","title":{"rendered":"Ortoza za ruku, imobilizacijska &#8211; 0320"},"content":{"rendered":"","protected":false},"excerpt":{"rendered":"<h4 id=\"tw-target-text\" class=\"tw-data-text tw-text-large tw-ta\" dir=\"ltr\" data-placeholder=\"Prijevod\" data-ved=\"2ahUKEwiu6vjz9IuDAxXmwQIHHaxTAK4Q3ewLegQIBRAQ\">Imobilizator za rame s trakom. Prikladno za sve slu\u010dajeve koji zahtijevaju imobilizaciju ramena. Izra\u0111ena od oblo\u017eenog pjenastog materijala s jednim remenom i kop\u010dama za pode\u0161avanje visine.<\/h4>\n<p>&nbsp;<\/p>\n<p><img loading=\"lazy\" class=\"alignnone size-medium wp-image-2001\" src=\"https:\/\/www.cherka-company.ba\/wp-content\/uploads\/2022\/09\/ANATOMIC-HELP-LOGO-2-1-300x160.jpg\" alt=\"\" width=\"300\" height=\"160\" \/><\/p>\n","protected":false},"featured_media":2526,"template":"","meta":[],"product_cat":[65,90],"product_tag":[],"_links":{"self":[{"href":"https:\/\/www.cherka-company.ba\/index.php?rest_route=\/wp\/v2\/product\/2529"}],"collection":[{"href":"https:\/\/www.cherka-company.ba\/index.php?rest_route=\/wp\/v2\/product"}],"about":[{"href":"https:\/\/www.cherka-company.ba\/index.php?rest_route=\/wp\/v2\/types\/product"}],"version-history":[{"count":1,"href":"https:\/\/www.cherka-company.ba\/index.php?rest_route=\/wp\/v2\/product\/2529\/revisions"}],"predecessor-version":[{"id":2530,"href":"https:\/\/www.cherka-company.ba\/index.php?rest_route=\/wp\/v2\/product\/2529\/revisions\/2530"}],"wp:featuredmedia":[{"embeddable":true,"href":"https:\/\/www.cherka-company.ba\/index.php?rest_route=\/wp\/v2\/media\/2526"}],"wp:attachment":[{"href":"https:\/\/www.cherka-company.ba\/index.php?rest_route=%2Fwp%2Fv2%2Fmedia&parent=2529"}],"wp:term":[{"taxonomy":"product_cat","embeddable":true,"href":"https:\/\/www.cherka-company.ba\/index.php?rest_route=%2Fwp%2Fv2%2Fproduct_cat&post=2529"},{"taxonomy":"product_tag","embeddable":true,"href":"https:\/\/www.cherka-company.ba\/index.php?rest_route=%2Fwp%2Fv2%2Fproduct_tag&post=2529"}],"curies":[{"name":"wp","href":"https:\/\/api.w.org\/{rel}","templated":true}]}}