{"id":2460,"date":"2023-08-11T14:08:58","date_gmt":"2023-08-11T14:08:58","guid":{"rendered":"https:\/\/www.cherka-company.ba\/?post_type=product&#038;p=2460"},"modified":"2023-08-11T14:12:11","modified_gmt":"2023-08-11T14:12:11","slug":"silikonski-ulozak-za-petu-sa-jastucicem-0737","status":"publish","type":"product","link":"https:\/\/www.cherka-company.ba\/?product=silikonski-ulozak-za-petu-sa-jastucicem-0737","title":{"rendered":"Silikonski ulo\u017eak za petu sa jastu\u010di\u0107em 0737"},"content":{"rendered":"","protected":false},"excerpt":{"rendered":"<p>Ulo\u017eak od medicinskog silikona, s izmjenjivim jastu\u010di\u0107em u podru\u010dju pete. Apsorbira vibracije i pritisak tjelesne te\u017eine na petu i rastere\u0107uje ahilovu tetivu.<\/p>\n<p>&nbsp;<\/p>\n<p><img loading=\"lazy\" class=\"alignnone size-medium wp-image-2001\" src=\"https:\/\/www.cherka-company.ba\/wp-content\/uploads\/2022\/09\/ANATOMIC-HELP-LOGO-2-1-300x160.jpg\" alt=\"\" width=\"300\" height=\"160\" \/><\/p>\n","protected":false},"featured_media":2454,"template":"","meta":[],"product_cat":[65,113],"product_tag":[],"_links":{"self":[{"href":"https:\/\/www.cherka-company.ba\/index.php?rest_route=\/wp\/v2\/product\/2460"}],"collection":[{"href":"https:\/\/www.cherka-company.ba\/index.php?rest_route=\/wp\/v2\/product"}],"about":[{"href":"https:\/\/www.cherka-company.ba\/index.php?rest_route=\/wp\/v2\/types\/product"}],"version-history":[{"count":1,"href":"https:\/\/www.cherka-company.ba\/index.php?rest_route=\/wp\/v2\/product\/2460\/revisions"}],"predecessor-version":[{"id":2461,"href":"https:\/\/www.cherka-company.ba\/index.php?rest_route=\/wp\/v2\/product\/2460\/revisions\/2461"}],"wp:featuredmedia":[{"embeddable":true,"href":"https:\/\/www.cherka-company.ba\/index.php?rest_route=\/wp\/v2\/media\/2454"}],"wp:attachment":[{"href":"https:\/\/www.cherka-company.ba\/index.php?rest_route=%2Fwp%2Fv2%2Fmedia&parent=2460"}],"wp:term":[{"taxonomy":"product_cat","embeddable":true,"href":"https:\/\/www.cherka-company.ba\/index.php?rest_route=%2Fwp%2Fv2%2Fproduct_cat&post=2460"},{"taxonomy":"product_tag","embeddable":true,"href":"https:\/\/www.cherka-company.ba\/index.php?rest_route=%2Fwp%2Fv2%2Fproduct_tag&post=2460"}],"curies":[{"name":"wp","href":"https:\/\/api.w.org\/{rel}","templated":true}]}}