{"id":2399,"date":"2022-12-31T12:13:02","date_gmt":"2022-12-31T12:13:02","guid":{"rendered":"https:\/\/www.cherka-company.ba\/?post_type=product&#038;p=2399"},"modified":"2022-12-31T12:15:45","modified_gmt":"2022-12-31T12:15:45","slug":"nazalna-kanila-za-kisik","status":"publish","type":"product","link":"https:\/\/www.cherka-company.ba\/?product=nazalna-kanila-za-kisik","title":{"rendered":"Nazalna kanila za kisik"},"content":{"rendered":"<p>ure\u0111aj dizajniran za isporuku kisika kroz nos<\/p>\n","protected":false},"excerpt":{"rendered":"<ul>\n<li>od medicinskog PVC-a<\/li>\n<li>vrlo mekani vrhovi s glatkim rubovima<\/li>\n<li>pri\u010dvr\u0161\u0107ivanje ispod brade pomo\u0107u mekanog, kliznog prstena za pode\u0161avanje<\/li>\n<li>razli\u010diti razmaci nosnog dijela kanile ovisno o veli\u010dini<\/li>\n<li>univerzalni priklju\u010dak kompatibilan s bilo kojim izvorom kisika<\/li>\n<li>cijev zvjezdastog presjeka, otporna na savijanje<\/li>\n<li>dostupan u 3 veli\u010dine: za odrasle, za djecu i za dojen\u010dad s cijevima od 140 cm, 200 cm, 300 cm i 500 cm<\/li>\n<li>bez lateksa<\/li>\n<li>EO sterilizirano<\/li>\n<li><img loading=\"lazy\" class=\"alignnone size-full wp-image-2397\" src=\"https:\/\/www.cherka-company.ba\/wp-content\/uploads\/2022\/12\/zarys.png\" alt=\"\" width=\"250\" height=\"277\" \/><\/li>\n<\/ul>\n","protected":false},"featured_media":2400,"template":"","meta":[],"product_cat":[106],"product_tag":[],"_links":{"self":[{"href":"https:\/\/www.cherka-company.ba\/index.php?rest_route=\/wp\/v2\/product\/2399"}],"collection":[{"href":"https:\/\/www.cherka-company.ba\/index.php?rest_route=\/wp\/v2\/product"}],"about":[{"href":"https:\/\/www.cherka-company.ba\/index.php?rest_route=\/wp\/v2\/types\/product"}],"version-history":[{"count":1,"href":"https:\/\/www.cherka-company.ba\/index.php?rest_route=\/wp\/v2\/product\/2399\/revisions"}],"predecessor-version":[{"id":2401,"href":"https:\/\/www.cherka-company.ba\/index.php?rest_route=\/wp\/v2\/product\/2399\/revisions\/2401"}],"wp:featuredmedia":[{"embeddable":true,"href":"https:\/\/www.cherka-company.ba\/index.php?rest_route=\/wp\/v2\/media\/2400"}],"wp:attachment":[{"href":"https:\/\/www.cherka-company.ba\/index.php?rest_route=%2Fwp%2Fv2%2Fmedia&parent=2399"}],"wp:term":[{"taxonomy":"product_cat","embeddable":true,"href":"https:\/\/www.cherka-company.ba\/index.php?rest_route=%2Fwp%2Fv2%2Fproduct_cat&post=2399"},{"taxonomy":"product_tag","embeddable":true,"href":"https:\/\/www.cherka-company.ba\/index.php?rest_route=%2Fwp%2Fv2%2Fproduct_tag&post=2399"}],"curies":[{"name":"wp","href":"https:\/\/api.w.org\/{rel}","templated":true}]}}