{"id":2306,"date":"2022-09-24T12:18:57","date_gmt":"2022-09-24T12:18:57","guid":{"rendered":"https:\/\/www.cherka-company.ba\/?post_type=product&#038;p=2306"},"modified":"2022-10-01T17:05:09","modified_gmt":"2022-10-01T17:05:09","slug":"grudnjak-za-protezu-livia-5398x","status":"publish","type":"product","link":"https:\/\/www.cherka-company.ba\/?product=grudnjak-za-protezu-livia-5398x","title":{"rendered":"Grudnjak za protezu &#8211; LIVIA 5398X"},"content":{"rendered":"","protected":false},"excerpt":{"rendered":"<p>Izgledajte i osje\u0107ajte se elegantno u ovom grudnjaku Livia nakon mastektomije od Anite. S elasti\u010dnim podesivim naramenicama koje osiguravaju savr\u0161eno pristajanje. Ko\u0161arice imaju d\u017eepove s obje strane izra\u0111ene od mekanog pamuka kako bi se osigurala udobnost. Grudnjak je podstavljen prekrasnom \u010dipkom s vezom du\u017e gornjeg dijela i dekoltea. Ko\u0161arice bez \u017eica osiguravaju savr\u0161enu udobnost za cjelodnevno no\u0161enje s kukicom i zatvara\u010dem za oko za nevjerojatnu podr\u0161ku.<\/p>\n<p><img loading=\"lazy\" class=\"alignnone size-medium wp-image-2281\" src=\"https:\/\/www.cherka-company.ba\/wp-content\/uploads\/2022\/09\/1985-300x300.png\" alt=\"\" width=\"300\" height=\"300\" \/><\/p>\n<p>&nbsp;<\/p>\n","protected":false},"featured_media":2307,"template":"","meta":[],"product_cat":[67,109],"product_tag":[],"_links":{"self":[{"href":"https:\/\/www.cherka-company.ba\/index.php?rest_route=\/wp\/v2\/product\/2306"}],"collection":[{"href":"https:\/\/www.cherka-company.ba\/index.php?rest_route=\/wp\/v2\/product"}],"about":[{"href":"https:\/\/www.cherka-company.ba\/index.php?rest_route=\/wp\/v2\/types\/product"}],"version-history":[{"count":1,"href":"https:\/\/www.cherka-company.ba\/index.php?rest_route=\/wp\/v2\/product\/2306\/revisions"}],"predecessor-version":[{"id":2309,"href":"https:\/\/www.cherka-company.ba\/index.php?rest_route=\/wp\/v2\/product\/2306\/revisions\/2309"}],"wp:featuredmedia":[{"embeddable":true,"href":"https:\/\/www.cherka-company.ba\/index.php?rest_route=\/wp\/v2\/media\/2307"}],"wp:attachment":[{"href":"https:\/\/www.cherka-company.ba\/index.php?rest_route=%2Fwp%2Fv2%2Fmedia&parent=2306"}],"wp:term":[{"taxonomy":"product_cat","embeddable":true,"href":"https:\/\/www.cherka-company.ba\/index.php?rest_route=%2Fwp%2Fv2%2Fproduct_cat&post=2306"},{"taxonomy":"product_tag","embeddable":true,"href":"https:\/\/www.cherka-company.ba\/index.php?rest_route=%2Fwp%2Fv2%2Fproduct_tag&post=2306"}],"curies":[{"name":"wp","href":"https:\/\/api.w.org\/{rel}","templated":true}]}}