{"id":2302,"date":"2022-09-24T12:12:03","date_gmt":"2022-09-24T12:12:03","guid":{"rendered":"https:\/\/www.cherka-company.ba\/?post_type=product&#038;p=2302"},"modified":"2022-10-01T17:04:44","modified_gmt":"2022-10-01T17:04:44","slug":"grudnjak-za-protezu-isra-5315x","status":"publish","type":"product","link":"https:\/\/www.cherka-company.ba\/?product=grudnjak-za-protezu-isra-5315x","title":{"rendered":"Grudnjak za protezu &#8211; ISRA 5315X"},"content":{"rendered":"","protected":false},"excerpt":{"rendered":"<p>Bijeli Isra grudnjak za mastektomiju bez \u017eica tvrtke Anita Care nezaobilazan je u prvih mjesec dana nakon operacije o\u010duvanja ili rekonstrukcije dojke. Njegova odli\u010dna potpora zna\u010di da ga mo\u017eete nositi za sport, slobodno vrijeme i spavanje. Ovaj be\u017ei\u010dni grudnjak ima obostrane pamu\u010dne d\u017eepove za diskretno umetanje va\u0161e proteze. Njegove podstavljene naramenice i ravno kop\u010danje s prednje strane na gumbe osiguravaju va\u0161u potpunu udobnost.<\/p>\n<p><img loading=\"lazy\" class=\"alignnone size-medium wp-image-2281\" src=\"https:\/\/www.cherka-company.ba\/wp-content\/uploads\/2022\/09\/1985-300x300.png\" alt=\"\" width=\"300\" height=\"300\" \/><\/p>\n<p>&nbsp;<\/p>\n","protected":false},"featured_media":2304,"template":"","meta":[],"product_cat":[67,109],"product_tag":[],"_links":{"self":[{"href":"https:\/\/www.cherka-company.ba\/index.php?rest_route=\/wp\/v2\/product\/2302"}],"collection":[{"href":"https:\/\/www.cherka-company.ba\/index.php?rest_route=\/wp\/v2\/product"}],"about":[{"href":"https:\/\/www.cherka-company.ba\/index.php?rest_route=\/wp\/v2\/types\/product"}],"version-history":[{"count":1,"href":"https:\/\/www.cherka-company.ba\/index.php?rest_route=\/wp\/v2\/product\/2302\/revisions"}],"predecessor-version":[{"id":2305,"href":"https:\/\/www.cherka-company.ba\/index.php?rest_route=\/wp\/v2\/product\/2302\/revisions\/2305"}],"wp:featuredmedia":[{"embeddable":true,"href":"https:\/\/www.cherka-company.ba\/index.php?rest_route=\/wp\/v2\/media\/2304"}],"wp:attachment":[{"href":"https:\/\/www.cherka-company.ba\/index.php?rest_route=%2Fwp%2Fv2%2Fmedia&parent=2302"}],"wp:term":[{"taxonomy":"product_cat","embeddable":true,"href":"https:\/\/www.cherka-company.ba\/index.php?rest_route=%2Fwp%2Fv2%2Fproduct_cat&post=2302"},{"taxonomy":"product_tag","embeddable":true,"href":"https:\/\/www.cherka-company.ba\/index.php?rest_route=%2Fwp%2Fv2%2Fproduct_tag&post=2302"}],"curies":[{"name":"wp","href":"https:\/\/api.w.org\/{rel}","templated":true}]}}