{"id":2295,"date":"2022-09-22T14:48:32","date_gmt":"2022-09-22T14:48:32","guid":{"rendered":"https:\/\/www.cherka-company.ba\/?post_type=product&#038;p=2295"},"modified":"2022-09-24T12:18:48","modified_gmt":"2022-09-24T12:18:48","slug":"grudnjak-za-protezu-allie-5301x","status":"publish","type":"product","link":"https:\/\/www.cherka-company.ba\/?product=grudnjak-za-protezu-allie-5301x","title":{"rendered":"Grudnjak za protezu &#8211; ALLIE 5301X"},"content":{"rendered":"","protected":false},"excerpt":{"rendered":"<p>Elegantan dizajn i ugodna udobnost no\u0161enja odlikuju ALLIE: Grudnjak s d\u017eepovima, izra\u0111en od glatke pamu\u010dne tkanine, ima dva ugra\u0111ena d\u017eepa u obje strane grudnjaka. Suptilna izrada i meki, \u010disti rubovi pru\u017eaju bezvremenski elegantnu optiku.<\/p>\n<p><img loading=\"lazy\" class=\"alignnone size-medium wp-image-2281\" src=\"https:\/\/www.cherka-company.ba\/wp-content\/uploads\/2022\/09\/1985-300x300.png\" alt=\"\" width=\"300\" height=\"300\" \/><\/p>\n<p>&nbsp;<\/p>\n","protected":false},"featured_media":2298,"template":"","meta":[],"product_cat":[67,109],"product_tag":[],"_links":{"self":[{"href":"https:\/\/www.cherka-company.ba\/index.php?rest_route=\/wp\/v2\/product\/2295"}],"collection":[{"href":"https:\/\/www.cherka-company.ba\/index.php?rest_route=\/wp\/v2\/product"}],"about":[{"href":"https:\/\/www.cherka-company.ba\/index.php?rest_route=\/wp\/v2\/types\/product"}],"version-history":[{"count":2,"href":"https:\/\/www.cherka-company.ba\/index.php?rest_route=\/wp\/v2\/product\/2295\/revisions"}],"predecessor-version":[{"id":2300,"href":"https:\/\/www.cherka-company.ba\/index.php?rest_route=\/wp\/v2\/product\/2295\/revisions\/2300"}],"wp:featuredmedia":[{"embeddable":true,"href":"https:\/\/www.cherka-company.ba\/index.php?rest_route=\/wp\/v2\/media\/2298"}],"wp:attachment":[{"href":"https:\/\/www.cherka-company.ba\/index.php?rest_route=%2Fwp%2Fv2%2Fmedia&parent=2295"}],"wp:term":[{"taxonomy":"product_cat","embeddable":true,"href":"https:\/\/www.cherka-company.ba\/index.php?rest_route=%2Fwp%2Fv2%2Fproduct_cat&post=2295"},{"taxonomy":"product_tag","embeddable":true,"href":"https:\/\/www.cherka-company.ba\/index.php?rest_route=%2Fwp%2Fv2%2Fproduct_tag&post=2295"}],"curies":[{"name":"wp","href":"https:\/\/api.w.org\/{rel}","templated":true}]}}