{"id":2260,"date":"2022-09-21T14:29:56","date_gmt":"2022-09-21T14:29:56","guid":{"rendered":"https:\/\/www.cherka-company.ba\/?post_type=product&#038;p=2260"},"modified":"2025-07-11T14:13:22","modified_gmt":"2025-07-11T14:13:22","slug":"cetka-za-perike","status":"publish","type":"product","link":"https:\/\/www.cherka-company.ba\/?product=cetka-za-perike","title":{"rendered":"\u010cetka za perike"},"content":{"rendered":"<p><img loading=\"lazy\" class=\"alignnone size-full wp-image-1959\" src=\"https:\/\/www.cherka-company.ba\/wp-content\/uploads\/2022\/09\/gm.png\" alt=\"\" width=\"255\" height=\"165\" \/><\/p>\n","protected":false},"excerpt":{"rendered":"<p>Antistati\u010dka \u010detka za perike Gisele Mayer savr\u0161ena je za odr\u017eavanje onih dla\u010dica koje odlije\u0107u na va\u0161oj perici ili umetku za kosu.<br \/>\nOva se \u010detka mo\u017ee koristiti za pove\u0107anje volumena perike ili ulo\u0161ka za kosu, kao i za zagla\u0111ivanje i ravnanje. Pomo\u0107i \u0107e ukrotiti i zadr\u017eati te dla\u010dice koje odlije\u0107u na mjestu. To je savr\u0161en proizvod za njegu perike.<\/p>\n<p><img loading=\"lazy\" class=\"alignnone size-full wp-image-1959\" src=\"https:\/\/www.cherka-company.ba\/wp-content\/uploads\/2022\/09\/gm.png\" alt=\"\" width=\"255\" height=\"165\" \/><\/p>\n","protected":false},"featured_media":2254,"template":"","meta":[],"product_cat":[105],"product_tag":[],"_links":{"self":[{"href":"https:\/\/www.cherka-company.ba\/index.php?rest_route=\/wp\/v2\/product\/2260"}],"collection":[{"href":"https:\/\/www.cherka-company.ba\/index.php?rest_route=\/wp\/v2\/product"}],"about":[{"href":"https:\/\/www.cherka-company.ba\/index.php?rest_route=\/wp\/v2\/types\/product"}],"version-history":[{"count":1,"href":"https:\/\/www.cherka-company.ba\/index.php?rest_route=\/wp\/v2\/product\/2260\/revisions"}],"predecessor-version":[{"id":2261,"href":"https:\/\/www.cherka-company.ba\/index.php?rest_route=\/wp\/v2\/product\/2260\/revisions\/2261"}],"wp:featuredmedia":[{"embeddable":true,"href":"https:\/\/www.cherka-company.ba\/index.php?rest_route=\/wp\/v2\/media\/2254"}],"wp:attachment":[{"href":"https:\/\/www.cherka-company.ba\/index.php?rest_route=%2Fwp%2Fv2%2Fmedia&parent=2260"}],"wp:term":[{"taxonomy":"product_cat","embeddable":true,"href":"https:\/\/www.cherka-company.ba\/index.php?rest_route=%2Fwp%2Fv2%2Fproduct_cat&post=2260"},{"taxonomy":"product_tag","embeddable":true,"href":"https:\/\/www.cherka-company.ba\/index.php?rest_route=%2Fwp%2Fv2%2Fproduct_tag&post=2260"}],"curies":[{"name":"wp","href":"https:\/\/api.w.org\/{rel}","templated":true}]}}