{"id":2022,"date":"2022-09-15T07:08:46","date_gmt":"2022-09-15T07:08:46","guid":{"rendered":"https:\/\/www.cherka-company.ba\/?post_type=product&#038;p=2022"},"modified":"2022-09-15T07:14:07","modified_gmt":"2022-09-15T07:14:07","slug":"ortoza-za-skocni-zglobcizma-0336","status":"publish","type":"product","link":"https:\/\/www.cherka-company.ba\/?product=ortoza-za-skocni-zglobcizma-0336","title":{"rendered":"Ortoza za sko\u010dni zglob(\u010dizma) &#8211; 0336"},"content":{"rendered":"","protected":false},"excerpt":{"rendered":"<p>\u010cizma izra\u0111ena od plastike oblo\u017eene pjenastim materijalom. Ima zavoje za bolju stabilizaciju. Idealna je za imobilizaciju sko\u010dnog zgloba.<\/p>\n<p>&nbsp;<\/p>\n<p><img loading=\"lazy\" class=\"alignnone size-medium wp-image-2001\" src=\"https:\/\/www.cherka-company.ba\/wp-content\/uploads\/2022\/09\/ANATOMIC-HELP-LOGO-2-1-300x160.jpg\" alt=\"\" width=\"300\" height=\"160\" \/><\/p>\n","protected":false},"featured_media":2023,"template":"","meta":[],"product_cat":[93,65],"product_tag":[],"_links":{"self":[{"href":"https:\/\/www.cherka-company.ba\/index.php?rest_route=\/wp\/v2\/product\/2022"}],"collection":[{"href":"https:\/\/www.cherka-company.ba\/index.php?rest_route=\/wp\/v2\/product"}],"about":[{"href":"https:\/\/www.cherka-company.ba\/index.php?rest_route=\/wp\/v2\/types\/product"}],"version-history":[{"count":2,"href":"https:\/\/www.cherka-company.ba\/index.php?rest_route=\/wp\/v2\/product\/2022\/revisions"}],"predecessor-version":[{"id":2025,"href":"https:\/\/www.cherka-company.ba\/index.php?rest_route=\/wp\/v2\/product\/2022\/revisions\/2025"}],"wp:featuredmedia":[{"embeddable":true,"href":"https:\/\/www.cherka-company.ba\/index.php?rest_route=\/wp\/v2\/media\/2023"}],"wp:attachment":[{"href":"https:\/\/www.cherka-company.ba\/index.php?rest_route=%2Fwp%2Fv2%2Fmedia&parent=2022"}],"wp:term":[{"taxonomy":"product_cat","embeddable":true,"href":"https:\/\/www.cherka-company.ba\/index.php?rest_route=%2Fwp%2Fv2%2Fproduct_cat&post=2022"},{"taxonomy":"product_tag","embeddable":true,"href":"https:\/\/www.cherka-company.ba\/index.php?rest_route=%2Fwp%2Fv2%2Fproduct_tag&post=2022"}],"curies":[{"name":"wp","href":"https:\/\/api.w.org\/{rel}","templated":true}]}}