{"id":2004,"date":"2022-09-14T13:43:12","date_gmt":"2022-09-14T13:43:12","guid":{"rendered":"https:\/\/www.cherka-company.ba\/?post_type=product&#038;p=2004"},"modified":"2022-09-14T13:46:27","modified_gmt":"2022-09-14T13:46:27","slug":"ortoza-za-rucni-zglob-0505","status":"publish","type":"product","link":"https:\/\/www.cherka-company.ba\/?product=ortoza-za-rucni-zglob-0505","title":{"rendered":"Ortoza za ru\u010dni zglob &#8211; 0505"},"content":{"rendered":"","protected":false},"excerpt":{"rendered":"<p>Narteks presvu\u010den pjenastim materijalom, odvojivom metalnom o\u0161tricom i dvije plasti\u010dne ukosnice. Zatvara se s tri zavoja za bolju potporu.<\/p>\n<p><img loading=\"lazy\" class=\"alignnone size-medium wp-image-2001\" src=\"https:\/\/www.cherka-company.ba\/wp-content\/uploads\/2022\/09\/ANATOMIC-HELP-LOGO-2-1-300x160.jpg\" alt=\"\" width=\"300\" height=\"160\" \/><\/p>\n","protected":false},"featured_media":2005,"template":"","meta":[],"product_cat":[65,90],"product_tag":[],"_links":{"self":[{"href":"https:\/\/www.cherka-company.ba\/index.php?rest_route=\/wp\/v2\/product\/2004"}],"collection":[{"href":"https:\/\/www.cherka-company.ba\/index.php?rest_route=\/wp\/v2\/product"}],"about":[{"href":"https:\/\/www.cherka-company.ba\/index.php?rest_route=\/wp\/v2\/types\/product"}],"version-history":[{"count":1,"href":"https:\/\/www.cherka-company.ba\/index.php?rest_route=\/wp\/v2\/product\/2004\/revisions"}],"predecessor-version":[{"id":2006,"href":"https:\/\/www.cherka-company.ba\/index.php?rest_route=\/wp\/v2\/product\/2004\/revisions\/2006"}],"wp:featuredmedia":[{"embeddable":true,"href":"https:\/\/www.cherka-company.ba\/index.php?rest_route=\/wp\/v2\/media\/2005"}],"wp:attachment":[{"href":"https:\/\/www.cherka-company.ba\/index.php?rest_route=%2Fwp%2Fv2%2Fmedia&parent=2004"}],"wp:term":[{"taxonomy":"product_cat","embeddable":true,"href":"https:\/\/www.cherka-company.ba\/index.php?rest_route=%2Fwp%2Fv2%2Fproduct_cat&post=2004"},{"taxonomy":"product_tag","embeddable":true,"href":"https:\/\/www.cherka-company.ba\/index.php?rest_route=%2Fwp%2Fv2%2Fproduct_tag&post=2004"}],"curies":[{"name":"wp","href":"https:\/\/api.w.org\/{rel}","templated":true}]}}