{"id":1590,"date":"2022-08-16T16:17:08","date_gmt":"2022-08-16T16:17:08","guid":{"rendered":"https:\/\/www.cherka-company.ba\/?post_type=product&#038;p=1590"},"modified":"2022-09-16T08:06:12","modified_gmt":"2022-09-16T08:06:12","slug":"trakice-za-urin-vrecice","status":"publish","type":"product","link":"https:\/\/www.cherka-company.ba\/?product=trakice-za-urin-vrecice","title":{"rendered":"Trakice za urin vre\u0107ice"},"content":{"rendered":"<div class=\"elementor-column elementor-col-33 elementor-top-column elementor-element elementor-element-e21111a\" data-id=\"e21111a\" data-element_type=\"column\">\n<div class=\"elementor-widget-wrap elementor-element-populated\">\n<div class=\"elementor-element elementor-element-9fe3c39 elementor-widget elementor-widget-wd_text_block\" data-id=\"9fe3c39\" data-element_type=\"widget\" data-widget_type=\"wd_text_block.default\">\n<div class=\"elementor-widget-container\">\n<div class=\"wd-text-block reset-last-child text-left\">\n<p>Na vre\u0107icama se nalaze po dvije u\u0161ice sa gornje i donje strane. Na trakicama se nalaze po dva dugmi\u0107a, te je iste potrebno ubaciti u u\u0161ice na vre\u0107icama. Nakon toga se zategnu trakice po potrebi, kako bi se osigurala nesmetana i sigurna upotreba vre\u0107ice.<\/p>\n<\/div>\n<\/div>\n<\/div>\n<\/div>\n<\/div>\n","protected":false},"excerpt":{"rendered":"<p>Elasti\u010dne trakice koje slu\u017ee kao nosa\u010di urin vre\u0107ica. Omogu\u0107avaju da se vre\u0107ica pri\u010dvrsti uz nogu, te samim tim ona postaje manje vidljiva ispod odje\u0107e.<\/p>\n<p><img loading=\"lazy\" class=\"alignnone size-medium wp-image-2088\" src=\"https:\/\/www.cherka-company.ba\/wp-content\/uploads\/2022\/08\/Coloplast-300x68.jpg\" alt=\"\" width=\"300\" height=\"68\" \/><\/p>\n","protected":false},"featured_media":1591,"template":"","meta":[],"product_cat":[51,52],"product_tag":[],"_links":{"self":[{"href":"https:\/\/www.cherka-company.ba\/index.php?rest_route=\/wp\/v2\/product\/1590"}],"collection":[{"href":"https:\/\/www.cherka-company.ba\/index.php?rest_route=\/wp\/v2\/product"}],"about":[{"href":"https:\/\/www.cherka-company.ba\/index.php?rest_route=\/wp\/v2\/types\/product"}],"version-history":[{"count":2,"href":"https:\/\/www.cherka-company.ba\/index.php?rest_route=\/wp\/v2\/product\/1590\/revisions"}],"predecessor-version":[{"id":2100,"href":"https:\/\/www.cherka-company.ba\/index.php?rest_route=\/wp\/v2\/product\/1590\/revisions\/2100"}],"wp:featuredmedia":[{"embeddable":true,"href":"https:\/\/www.cherka-company.ba\/index.php?rest_route=\/wp\/v2\/media\/1591"}],"wp:attachment":[{"href":"https:\/\/www.cherka-company.ba\/index.php?rest_route=%2Fwp%2Fv2%2Fmedia&parent=1590"}],"wp:term":[{"taxonomy":"product_cat","embeddable":true,"href":"https:\/\/www.cherka-company.ba\/index.php?rest_route=%2Fwp%2Fv2%2Fproduct_cat&post=1590"},{"taxonomy":"product_tag","embeddable":true,"href":"https:\/\/www.cherka-company.ba\/index.php?rest_route=%2Fwp%2Fv2%2Fproduct_tag&post=1590"}],"curies":[{"name":"wp","href":"https:\/\/api.w.org\/{rel}","templated":true}]}}