{"id":1348,"date":"2022-08-10T06:56:25","date_gmt":"2022-08-10T06:56:25","guid":{"rendered":"https:\/\/www.cherka-company.ba\/?post_type=product&#038;p=1348"},"modified":"2022-08-10T06:58:05","modified_gmt":"2022-08-10T06:58:05","slug":"lena-dry-pad","status":"publish","type":"product","link":"https:\/\/www.cherka-company.ba\/?product=lena-dry-pad","title":{"rendered":"Lena Dry Pad"},"content":{"rendered":"\t\t<div data-elementor-type=\"product-post\" data-elementor-id=\"1348\" class=\"elementor elementor-1348\">\n\t\t\t\t\t\t\t\t\t<section class=\"elementor-section elementor-top-section elementor-element elementor-element-838efc1 elementor-hidden-tablet elementor-hidden-mobile elementor-section-boxed elementor-section-height-default elementor-section-height-default\" data-id=\"838efc1\" data-element_type=\"section\">\r\n\t\t\t\r\n\t\t\t\t\t\t\t\t\t<div class=\"elementor-container elementor-column-gap-default\">\r\n\t\t\t\t\t\t\t\t\t\t\t<div class=\"elementor-column elementor-col-100 elementor-top-column elementor-element elementor-element-3ae4738\" data-id=\"3ae4738\" data-element_type=\"column\">\r\n\r\n\t\t\t\t\t<div class=\"elementor-widget-wrap elementor-element-populated\">\r\n\t\t\t\t\t\t\t\t<div class=\"elementor-element elementor-element-06e4b5c elementor-widget elementor-widget-text-editor\" data-id=\"06e4b5c\" data-element_type=\"widget\" data-widget_type=\"text-editor.default\">\n\t\t\t\t<div class=\"elementor-widget-container\">\n\t\t\t<style>\/*! elementor - v3.7.8 - 02-10-2022 *\/\n.elementor-widget-text-editor.elementor-drop-cap-view-stacked .elementor-drop-cap{background-color:#818a91;color:#fff}.elementor-widget-text-editor.elementor-drop-cap-view-framed .elementor-drop-cap{color:#818a91;border:3px solid;background-color:transparent}.elementor-widget-text-editor:not(.elementor-drop-cap-view-default) .elementor-drop-cap{margin-top:8px}.elementor-widget-text-editor:not(.elementor-drop-cap-view-default) .elementor-drop-cap-letter{width:1em;height:1em}.elementor-widget-text-editor .elementor-drop-cap{float:left;text-align:center;line-height:1;font-size:50px}.elementor-widget-text-editor .elementor-drop-cap-letter{display:inline-block}<\/style>\t\t\t\t<table>\n<tbody>\n<tr>\n<th>Kat. broj<\/th>\n<td style=\"text-align: left;\"><strong>LE 7000<\/strong><\/td>\n<\/tr>\n<tr>\n<th>Naziv<\/th>\n<td style=\"text-align: left;\">Lena DryPad<\/td>\n<\/tr>\n<tr>\n<th>Mo\u0107 upijanja<\/th>\n<td style=\"text-align: left;\"><img loading=\"lazy\" class=\"alignnone wp-image-8693\" src=\"https:\/\/kdk.hr\/wp-content\/uploads\/2021\/12\/drop_full.gif\" alt=\"\" width=\"30\" height=\"30\" \/><img loading=\"lazy\" class=\"alignnone wp-image-8693\" src=\"https:\/\/kdk.hr\/wp-content\/uploads\/2021\/12\/drop_full.gif\" alt=\"\" width=\"30\" height=\"30\" \/><img loading=\"lazy\" class=\"alignnone wp-image-8692\" src=\"https:\/\/kdk.hr\/wp-content\/uploads\/2021\/12\/drop_empty.gif\" alt=\"\" width=\"30\" height=\"30\" \/><img loading=\"lazy\" class=\"alignnone wp-image-8692\" src=\"https:\/\/kdk.hr\/wp-content\/uploads\/2021\/12\/drop_empty.gif\" alt=\"\" width=\"30\" height=\"30\" \/><\/td>\n<\/tr>\n<tr>\n<th>Dimenzije<\/th>\n<td style=\"text-align: left;\">60 x 90 cm<\/td>\n<\/tr>\n<tr>\n<th>Vre\u0107ica\/kutija<\/th>\n<td style=\"text-align: left;\">30 kom\/120 kom<\/td>\n<\/tr>\n<\/tbody>\n<\/table>\n&nbsp;\t\t\t\t\t\t<\/div>\n\t\t\t\t<\/div>\n\t\t\t\t\t<\/div>\r\n\t\t\t\t<\/div>\r\n\t\t\t\t\t\t<\/div>\r\n\t\t\t\t<\/section>\r\n\t\t\t\t<section class=\"elementor-section elementor-top-section elementor-element elementor-element-781c101 elementor-hidden-desktop elementor-section-boxed elementor-section-height-default elementor-section-height-default\" data-id=\"781c101\" data-element_type=\"section\">\r\n\t\t\t\r\n\t\t\t\t\t\t\t\t\t<div class=\"elementor-container elementor-column-gap-default\">\r\n\t\t\t\t\t\t\t\t\t\t\t<div class=\"elementor-column elementor-col-100 elementor-top-column elementor-element elementor-element-67365cc\" data-id=\"67365cc\" data-element_type=\"column\">\r\n\r\n\t\t\t\t\t<div class=\"elementor-widget-wrap elementor-element-populated\">\r\n\t\t\t\t\t\t\t\t<div class=\"elementor-element elementor-element-e187f62 elementor-widget elementor-widget-text-editor\" data-id=\"e187f62\" data-element_type=\"widget\" data-widget_type=\"text-editor.default\">\n\t\t\t\t<div class=\"elementor-widget-container\">\n\t\t\t\t\t\t\t<table><tbody><tr><td style=\"text-align: left;\"><strong>LE 1000<\/strong><\/td><td style=\"text-align: left;\"><strong>LE 1010<\/strong><\/td><\/tr><tr><td style=\"text-align: left;\">Mini<\/td><td style=\"text-align: left;\">Plus<\/td><\/tr><tr><td style=\"text-align: left;\"><img loading=\"lazy\" class=\"alignnone wp-image-8693\" src=\"https:\/\/kdk.hr\/wp-content\/uploads\/2021\/12\/drop_full.gif\" alt=\"\" width=\"30\" height=\"30\" \/><img loading=\"lazy\" class=\"alignnone wp-image-8693\" src=\"https:\/\/kdk.hr\/wp-content\/uploads\/2021\/12\/drop_full.gif\" alt=\"\" width=\"30\" height=\"30\" \/><img loading=\"lazy\" class=\"alignnone wp-image-8692\" src=\"https:\/\/kdk.hr\/wp-content\/uploads\/2021\/12\/drop_empty.gif\" alt=\"\" width=\"30\" height=\"30\" \/><img loading=\"lazy\" class=\"alignnone wp-image-8692\" src=\"https:\/\/kdk.hr\/wp-content\/uploads\/2021\/12\/drop_empty.gif\" alt=\"\" width=\"30\" height=\"30\" \/><\/td><td style=\"text-align: left;\"><img loading=\"lazy\" class=\"alignnone wp-image-8693\" src=\"https:\/\/kdk.hr\/wp-content\/uploads\/2021\/12\/drop_full.gif\" alt=\"\" width=\"30\" height=\"30\" \/><img loading=\"lazy\" class=\"alignnone wp-image-8693\" src=\"https:\/\/kdk.hr\/wp-content\/uploads\/2021\/12\/drop_full.gif\" alt=\"\" width=\"30\" height=\"30\" \/><img loading=\"lazy\" class=\"alignnone wp-image-8693\" src=\"https:\/\/kdk.hr\/wp-content\/uploads\/2021\/12\/drop_full.gif\" alt=\"\" width=\"30\" height=\"30\" \/><img loading=\"lazy\" class=\"alignnone wp-image-8692\" src=\"https:\/\/kdk.hr\/wp-content\/uploads\/2021\/12\/drop_empty.gif\" alt=\"\" width=\"30\" height=\"30\" \/><\/td><\/tr><tr><td style=\"text-align: left;\">22 x 9,5 cm<\/td><td style=\"text-align: left;\">25 x 15 cm<\/td><\/tr><tr><td style=\"text-align: left;\">20 kom\/200 kom<\/td><td style=\"text-align: left;\">\u00a016 kom\/128 kom<\/td><\/tr><\/tbody><\/table><p>\u00a0<\/p>\t\t\t\t\t\t<\/div>\n\t\t\t\t<\/div>\n\t\t\t\t<div class=\"elementor-element elementor-element-ba963f0 elementor-widget elementor-widget-text-editor\" data-id=\"ba963f0\" data-element_type=\"widget\" data-widget_type=\"text-editor.default\">\n\t\t\t\t<div class=\"elementor-widget-container\">\n\t\t\t\t\t\t\t<table><tbody><tr><td style=\"text-align: left;\"><strong>LE 1020<\/strong><\/td><td style=\"text-align: left;\"><strong>LE 1030<\/strong><\/td><\/tr><tr><td style=\"text-align: left;\">Normal<\/td><td style=\"text-align: left;\">Extra<\/td><\/tr><tr><td style=\"text-align: left;\"><img loading=\"lazy\" class=\"alignnone wp-image-8693\" src=\"https:\/\/kdk.hr\/wp-content\/uploads\/2021\/12\/drop_full.gif\" alt=\"\" width=\"30\" height=\"30\" \/><img loading=\"lazy\" class=\"alignnone wp-image-8693\" src=\"https:\/\/kdk.hr\/wp-content\/uploads\/2021\/12\/drop_full.gif\" alt=\"\" width=\"30\" height=\"30\" \/><img loading=\"lazy\" class=\"alignnone wp-image-8693\" src=\"https:\/\/kdk.hr\/wp-content\/uploads\/2021\/12\/drop_full.gif\" alt=\"\" width=\"30\" height=\"30\" \/><img loading=\"lazy\" class=\"alignnone wp-image-8693\" src=\"https:\/\/kdk.hr\/wp-content\/uploads\/2021\/12\/drop_full.gif\" alt=\"\" width=\"30\" height=\"30\" \/><\/td><td style=\"text-align: left;\"><img loading=\"lazy\" class=\"alignnone wp-image-8693\" src=\"https:\/\/kdk.hr\/wp-content\/uploads\/2021\/12\/drop_full.gif\" alt=\"\" width=\"30\" height=\"30\" \/><img loading=\"lazy\" class=\"alignnone wp-image-8693\" src=\"https:\/\/kdk.hr\/wp-content\/uploads\/2021\/12\/drop_full.gif\" alt=\"\" width=\"30\" height=\"30\" \/><img loading=\"lazy\" class=\"alignnone wp-image-8693\" src=\"https:\/\/kdk.hr\/wp-content\/uploads\/2021\/12\/drop_full.gif\" alt=\"\" width=\"30\" height=\"30\" \/><img loading=\"lazy\" class=\"alignnone wp-image-8693\" src=\"https:\/\/kdk.hr\/wp-content\/uploads\/2021\/12\/drop_full.gif\" alt=\"\" width=\"30\" height=\"30\" \/><\/td><\/tr><tr><td style=\"text-align: left;\">28 x 11 cm<\/td><td style=\"text-align: left;\">35 x 12,5 cm<\/td><\/tr><tr><td style=\"text-align: left;\">12 kom\/96 kom<\/td><td style=\"text-align: left;\">10 kom\/120 kom<\/td><\/tr><\/tbody><\/table><p>\u00a0<\/p>\t\t\t\t\t\t<\/div>\n\t\t\t\t<\/div>\n\t\t\t\t<div class=\"elementor-element elementor-element-1b5cd38 elementor-widget elementor-widget-text-editor\" data-id=\"1b5cd38\" data-element_type=\"widget\" data-widget_type=\"text-editor.default\">\n\t\t\t\t<div class=\"elementor-widget-container\">\n\t\t\t\t\t\t\t<table><tbody><tr><td style=\"text-align: left;\"><strong>LE 1040<\/strong><\/td><\/tr><tr><td style=\"text-align: left;\">Super<\/td><\/tr><tr><td style=\"text-align: left;\"><img loading=\"lazy\" class=\"alignnone wp-image-8693\" src=\"https:\/\/kdk.hr\/wp-content\/uploads\/2021\/12\/drop_full.gif\" alt=\"\" width=\"30\" height=\"30\" \/><img loading=\"lazy\" class=\"alignnone wp-image-8693\" src=\"https:\/\/kdk.hr\/wp-content\/uploads\/2021\/12\/drop_full.gif\" alt=\"\" width=\"30\" height=\"30\" \/><img loading=\"lazy\" class=\"alignnone wp-image-8693\" src=\"https:\/\/kdk.hr\/wp-content\/uploads\/2021\/12\/drop_full.gif\" alt=\"\" width=\"30\" height=\"30\" \/><img loading=\"lazy\" class=\"alignnone wp-image-8693\" src=\"https:\/\/kdk.hr\/wp-content\/uploads\/2021\/12\/drop_full.gif\" alt=\"\" width=\"30\" height=\"30\" \/><\/td><\/tr><tr><td style=\"text-align: left;\">43 x 18 cm<\/td><\/tr><tr><td style=\"text-align: left;\">15 kom\/90 kom<\/td><\/tr><\/tbody><\/table><p>\u00a0<\/p>\t\t\t\t\t\t<\/div>\n\t\t\t\t<\/div>\n\t\t\t\t\t<\/div>\r\n\t\t\t\t<\/div>\r\n\t\t\t\t\t\t<\/div>\r\n\t\t\t\t<\/section>\r\n\t\t\t\t\t\t\t<\/div>\n\t\t","protected":false},"excerpt":{"rendered":"<ul class=\"unordered-list\">\n<li>Podmeta\u010di<\/li>\n<li>Superapsorbiraju\u0107i polimeri u sredi\u0161njoj visokoupijaju\u0107oj jezgri<\/li>\n<li>Jednostavno i lako kori\u0161tenje<\/li>\n<li>Bez neugodnih mirisa<\/li>\n<li>Netkani tekstil<\/li>\n<li>Celuloza<\/li>\n<li>Nepropusni pozadinski materijal<\/li>\n<li>Dimenzije: 60 x 90<\/li>\n<\/ul>\n","protected":false},"featured_media":1349,"template":"","meta":[],"product_cat":[51,53],"product_tag":[],"_links":{"self":[{"href":"https:\/\/www.cherka-company.ba\/index.php?rest_route=\/wp\/v2\/product\/1348"}],"collection":[{"href":"https:\/\/www.cherka-company.ba\/index.php?rest_route=\/wp\/v2\/product"}],"about":[{"href":"https:\/\/www.cherka-company.ba\/index.php?rest_route=\/wp\/v2\/types\/product"}],"version-history":[{"count":4,"href":"https:\/\/www.cherka-company.ba\/index.php?rest_route=\/wp\/v2\/product\/1348\/revisions"}],"predecessor-version":[{"id":1353,"href":"https:\/\/www.cherka-company.ba\/index.php?rest_route=\/wp\/v2\/product\/1348\/revisions\/1353"}],"wp:featuredmedia":[{"embeddable":true,"href":"https:\/\/www.cherka-company.ba\/index.php?rest_route=\/wp\/v2\/media\/1349"}],"wp:attachment":[{"href":"https:\/\/www.cherka-company.ba\/index.php?rest_route=%2Fwp%2Fv2%2Fmedia&parent=1348"}],"wp:term":[{"taxonomy":"product_cat","embeddable":true,"href":"https:\/\/www.cherka-company.ba\/index.php?rest_route=%2Fwp%2Fv2%2Fproduct_cat&post=1348"},{"taxonomy":"product_tag","embeddable":true,"href":"https:\/\/www.cherka-company.ba\/index.php?rest_route=%2Fwp%2Fv2%2Fproduct_tag&post=1348"}],"curies":[{"name":"wp","href":"https:\/\/api.w.org\/{rel}","templated":true}]}}